3*i + 13 = 2*a. Calculate the highest common factor of a and 517.
11
Suppose -11*i + 13*i = 0. Suppose -l - 2*l + 180 = i. Suppose -5*j - 90 = -540. Calculate the highest common divisor of j and l.
30
Let r be -3 + 2 + 35 - 2. Suppose -120 = -19*s - 11*s. Calculate the highest common divisor of s and r.
4
Suppose -6*i + 4*i = 4*r - 28, 48 = 4*i + 4*r. Let w = -95 - -135. Calculate the greatest common divisor of w and i.
10
Let m(r) be the third derivative of r**5/10 + 4*r**2 - 3*r. Let n be (4/(-6))/((-2)/(-3)). Let x be m(n). What is the highest common factor of x and 30?
6
Let d(t) = t**3 + 4*t**2 - 5*t - 3. Let u be d(-4). Let k be 5/(-10)*20 - -3. Let q = u + k. What is the highest common divisor of q and 110?
10
Suppose -5*r + 31 = -4*u - 219, -2*r - 3*u + 100 = 0. What is the highest common factor of 50 and r?
50
Let l(h) = h - 2. Let f be l(5). Suppose -7*a - 120 = -3*a. Let d = -29 - a. What is the greatest common divisor of d and f?
1
Suppose -7*i + 24 = 3*a - 5*i, -a + 3*i + 19 = 0. Calculate the highest common divisor of a and 1210.
10
Let r = -13 + 17. Let y be r + -1 + 0 + 0. Suppose -y*u = -3*w + 27, 5*u + 16 = u. Calculate the greatest common factor of 20 and w.
5
Let l be 6/27*(66 + 6). What is the highest common factor of 336 and l?
16
Let j = -4 + -14. Let c(h) = -21*h**2 + 2*h. Let p be c(-2). Let w be p/(-5) - j/45. Calculate the highest common factor of 27 and w.
9
Suppose -2*g = 2*q - 10, g - 2*q + 0*q - 20 = 0. Calculate the highest common divisor of g and 320.
10
Let x be ((-25)/(-35))/(2/14). Let y be (x - -149)*(-2)/(-4). Let b be (-279)/(-36) - (-6)/(-8). What is the greatest common factor of y and b?
7
Let g = 1 + 3. Suppose 0 = 5*r + 10, 0 = -w - g*r - 3 - 2. Suppose -2*k = 5*x - 81, k = -6*x + 11*x + 18. Calculate the highest common divisor of k and w.
3
Let n = 0 - -1. Suppose 0 = 3*k - 17 + 11. Suppose k = -0*c + 2*c. Calculate the highest common factor of n and c.
1
Let a = 32 - 14. Suppose -m + a = 8. Calculate the greatest common divisor of m and 110.
10
Let d = 58 - 55. Suppose d*o + 0*q + 4*q = 664, 3*o - 665 = -5*q. Calculate the greatest common factor of 20 and o.
20
Let x(n) = -6 + 12*n - 6*n - 7*n**2 - n**3 + 8*n. Let u be x(-10). Calculate the greatest common divisor of 14 and u.
14
Let k be 2/(-3)*(-132)/8. Suppose k*c = 5*c + 114. Calculate the greatest common divisor of 133 and c.
19
Suppose 3*b = -9, -6*q + 3*q - 4*b = -39. Suppose 5*v - 2*v = 897. Let a = v - 146. What is the greatest common divisor of q and a?
17
Let k be (21/35)/((-2)/(-10)). Suppose 2*w - k = -5*v - 2, -2*w - 4 = 0. Let f = 13 - v. What is the greatest common factor of f and 48?
12
Suppose -23*f = -4*f - 114. Let t = 3 + 2. Suppose 2*v - t*u - 11 = -32, -f = 2*v - 2*u. Calculate the greatest common factor of v and 16.
2
Let f be (132/(-110))/(1/(-35) + 0). Let i = 36 - 22. Calculate the highest common divisor of f and i.
14
Let w(f) = 8*f**2 - 15*f - 9. Let r be w(5). Let j = r + -83. What is the greatest common factor of 11 and j?
11
Let p(k) = -k**3 - 13*k**2 + 11*k - 33. Let t be p(-14). What is the highest common divisor of 3 and t?
3
Let x(f) = 2*f**2 - 65*f + 53. Let y be x(32). Calculate the highest common divisor of y and 21.
21
Suppose g + 13 = 2*g. Suppose t = g + 4. What is the highest common divisor of t and 85?
17
Suppose 389*j - 387*j = 12. Calculate the highest common divisor of j and 218.
2
Suppose -3*g - 15 = -8*g. Suppose -h + 152 = d + g*h, -2*h = -d + 152. What is the highest common divisor of d and 19?
19
Let w(b) = 304*b**2 - 11*b + 11. Let z be w(1). What is the highest common factor of z and 32?
16
Let a(i) = 3*i**2 - 5*i - 26. Let v be a(8). What is the greatest common divisor of v and 42?
42
Let j = -950 + 964. Calculate the greatest common divisor of j and 14.
14
Suppose 0 = 7*w - 275 - 61. Suppose 0 = 5*b - w - 37. Calculate the greatest common factor of 85 and b.
17
Let g(d) = 2 - 4*d - 164*d**3 + d + 177*d**3 + 2*d**2 + 0*d. Let n be g(1). What is the greatest common divisor of n and 7?
7
Let z be (-10)/20*60*(275/(-30))/11. Suppose -75 = -2*f - f. What is the greatest common divisor of f and z?
25
Let l be ((-28)/(-21))/(4/6). Suppose -2 - 6 = -l*z. Suppose -15 = c - 4*v, 4*v = -2*c + 21 - 3. What is the greatest common divisor of c and z?
1
Let l = 900 - 886. Let v = 46 - -66. What is the greatest common divisor of l and v?
14
Suppose -256 = 12*c - 16*c. Calculate the highest common divisor of c and 24.
8
Suppose 2*q + 86 = -c + 801, -5*c = -4*q - 3561. Calculate the highest common factor of 31 and c.
31
Let b(r) = -4*r + 21. Let m be b(-7). Calculate the highest common divisor of 56 and m.
7
Suppose -3*y = -0*y - 2256. Suppose -196 = -v - 3*d, -2*v = -4*v - 5*d + 394. Suppose v = -5*n + y. What is the highest common factor of n and 10?
10
Let g(l) = l + 12. Let x be g(-11). Let t be ((3 - 3) + -8)*-17. Let s be t/x - 2*2. Calculate the highest common factor of 12 and s.
12
Suppose -2*a = -2*o - 2*o + 1194, 4*o - 1179 = -3*a. Suppose 110 + 25 = 5*x. What is the highest common factor of o and x?
27
Let f(i) = -53*i**3 - i**2 - 11*i - 9. Let g be f(-1). Calculate the highest common factor of g and 738.
18
Suppose 5*y + 12*y - 459 = 0. Calculate the highest common factor of 351 and y.
27
Let z(d) = -d**3 + 4*d**2 + 12*d + 1. Let c be (0 + -12)/((-8)/4). Let x be z(c). What is the greatest common factor of 1 and x?
1
Let r = 54 - 78. Let t be (-97)/(-7) - r/168. Calculate the highest common factor of t and 84.
14
Let u(a) = -a**2 - 12*a - 4. Let f be u(-6). Suppose -40 = -3*c + f. Suppose y - r - 6 = 0, 5*r = 4*y - c - 1. Calculate the highest common factor of 25 and y.
5
Suppose 325 - 421 = -2*q. Calculate the greatest common factor of q and 108.
12
Let w(p) = -p**3 - 27*p**2 + 19*p - 124. Let c be w(-28). Calculate the greatest common divisor of 160 and c.
32
Suppose -5*w + w - 8 = -4*n, -5*w - 26 = 3*n. Let p be (-433)/(-4) + 1/w. Let u be ((-27)/(-4))/((-28)/(-112)). Calculate the highest common factor of p and u.
27
Suppose -s = -3*j - 456, 3*j - 1350 - 504 = -4*s. What is the highest common factor of s and 11?
11
Suppose -5*p + 5*a - 4*a + 3738 = 0, -3747 = -5*p + 4*a. What is the greatest common divisor of p and 83?
83
Suppose -259 + 203 = -8*j. Calculate the greatest common divisor of 413 and j.
7
Suppose 0 = 25*w - 16*w - 1044. Calculate the highest common factor of w and 4.
4
Let h = -311 + 318. Let f be 1/1 - (-1 + 1). Let d = 2 - f. What is the highest common divisor of d and h?
1
Let j(h) = 11*h - 204. Let u be j(20). Suppose -3*w - 128 = -7*w. Calculate the highest common divisor of w and u.
16
Let p = 2 - -1. Suppose -t = -5*m + 61, m - 13 = p*t - 2*t. Suppose -m = -9*r + 8*r. Calculate the highest common factor of r and 4.
4
Let u = -20 + 56. Let h = 198 + u. Calculate the highest common factor of h and 26.
26
Let n(u) = -3*u + 10*u - 23 + 24. Let h be n(2). Let i be (6/(-4))/((-15)/50). What is the highest common divisor of h and i?
5
Let p(f) = 22*f + 302. Let d be p(-13). What is the highest common factor of 10 and d?
2
Let f = 1473 + -1296. What is the greatest common divisor of 590 and f?
59
Suppose -148*z + 147*z = -18. What is the highest common divisor of z and 1935?
9
Let z be ((-10)/(-90)*3)/(1/402). Calculate the greatest common divisor of z and 1273.
67
Suppose -4*l - 2 = 5*z - 23, 4*l + 2*z = 30. What is the highest common divisor of l and 3?
3
Let n = 1302 + -790. What is the highest common divisor of 8 and n?
8
Suppose -19 = -u - 18. Calculate the greatest common divisor of u and 47.
1
Let c = 847 - 172. What is the greatest common factor of c and 27?
27
Let l(c) = c + 46. Let a be l(-14). Suppose 2*b + 2*s - a = 0, -4*b = 5*s - 4*s - 70. What is the greatest common factor of 9 and b?
9
Let c(q) = q**2 + 3*q + 7. Let r be c(15). Suppose 2*o + 2 = 0, -o + r = 2*s + 108. What is the highest common factor of 17 and s?
17
Let s be -4*1 - (26 - 66). What is the highest common factor of 90 and s?
18
Suppose -h + 31 = 5*p - 0, 45 = 5*h + 3*p. Suppose -31*m + 36*m + 305 = 0. Let c = m + 103. Calculate the greatest common factor of h and c.
6
Let g(b) = -34*b - 246. Let r be g(-10). What is the highest common factor of 141 and r?
47
Let p be (53 - (-3 + 4))/(4/28). Calculat